 units digit of i?
3
Let d(h) = -h - 7. Let y(b) = -b - 8. Let c(l) = 3*d(l) - 2*y(l). Let j be c(-7). Let q = j + 15. What is the tens digit of q?
1
Let y(q) = q**3 + 7*q**2 + 3*q + 16. What is the units digit of y(-6)?
4
Suppose -40*m + 43*m = 12. Suppose -y + 35 = m*s, -s = 4*y - 0*s - 65. What is the units digit of (-1)/(-3) - (-10)/y?
1
Let j(h) = -6*h**2 + 5*h + 5. Let k be j(-2). Let o = -22 - k. What is the units digit of o?
7
Suppose -2*p = -t + 8, -3*p + 5*t = t + 12. What is the units digit of (p + (-216)/(-20))*25?
0
Let t(k) = k**2 - 20. Let q be t(-5). Suppose -71 = -4*d + 621. Suppose 0 = -q*n - 13 + d. What is the units digit of n?
2
Suppose -10*o + 3348 = -4*o. What is the units digit of o?
8
What is the tens digit of (-5516)/(-6) - (-78)/117?
2
Let u(a) = -9*a. Let k be u(1). Let h(s) = -6*s - 5. Let l be h(k). Let m = 8 + l. What is the units digit of m?
7
Let f be (-41*1)/((1 - 9) + 7). Suppose -c - f = -58. What is the units digit of c?
7
Suppose -6*r - 34332 = -18*r. What is the hundreds digit of r?
8
Let w(p) = -53*p + 59. Let j(g) = -53*g + 57. Let d(n) = 2*j(n) - 3*w(n). What is the hundreds digit of d(5)?
2
Let h(u) = -u**2 - 6*u - 2. Let k be h(-5). Let n(j) = -4*j - k*j + j - 6 + 2*j. What is the units digit of n(-3)?
6
Suppose -o = -4*a + 17, a - 8 = 4*o - 3*a. Let v(s) = -s**3 + 7*s**2 + 7*s + 10. Let i be v(8). Let q = o + i. What is the units digit of q?
5
Let g(t) be the third derivative of t**5/60 - t**4/3 + 9*t**3/2 + 16*t**2. What is the units digit of g(6)?
5
Suppose -2044 = 4*x + 4*j, 3*j - 7*j = 20. Let v = -254 - x. What is the units digit of v?
2
Suppose 24*s - 15092 = 2*s. What is the units digit of s?
6
Let x = -259 + 1195. What is the hundreds digit of x?
9
Let z(y) = 13*y**2 + y - 5. Let m be z(3). Suppose -684 = -5*k - b, m = -3*k + 4*b + 507. What is the tens digit of k?
3
Let x be (-94*3)/(-3)*-6. Let a be 1/(-5) - x/20. Suppose 3*h + 2*d = 3*d + 23, -4*d = -4*h + a. What is the units digit of h?
8
Let p = 1297 - 753. What is the hundreds digit of p?
5
Suppose 0 = 3*v - 4*l - 170, -4*l - 57 = -v - 3. Let w = 130 - v. What is the units digit of w?
2
Let z = 15 - 12. Let b(c) = 18*c**3 - 1. Let j be b(1). Suppose z*x = 110 - j. What is the tens digit of x?
3
Let d = -149 - -1976. Suppose d = -9*r + 18*r. What is the tens digit of r?
0
Let g = -231 + 2023. What is the units digit of g?
2
Let p(m) = -27*m**3 + 3*m**2 - m - 3. Let h be p(-3). Suppose 0 = 7*i - 11*i + h. What is the hundreds digit of i?
1
Let w(z) = -2*z - 14. Let b be w(-21). Let l = b - -6. What is the tens digit of l?
3
Let m = 1813 + -376. What is the units digit of m?
7
Let p be (45/(-27))/(1/(-3)). Suppose 2*w - 316 = -4*a, 810 = -2*w + 7*w + p*a. What is the tens digit of w?
6
Let x = -320 - -2632. What is the tens digit of x?
1
Let j = 8 + -9. Let g be (-2)/(-4)*(j - -3). What is the units digit of (g - -1) + 0 - -23?
5
Suppose -8472 = -263*n + 255*n. What is the thousands digit of n?
1
Let t(i) = 108*i - 108*i - 13 + 12*i**2. What is the units digit of t(3)?
5
Let u = -35 + 38. Suppose -720 = -u*q - 6*q. What is the tens digit of q?
8
Let t = -11 + 13. Suppose t*r - r = 5. Suppose -8*o = -r*o - 45. What is the tens digit of o?
1
Let u = -50 + 57. What is the tens digit of (-2 - 2)*(924/(-8))/u?
6
Suppose -4*j + 0*j + 48 = 0. Let x be ((-2)/(-4))/(1/j). Suppose x*s - 120 = 2*s - i, -2*s + 4*i + 60 = 0. What is the tens digit of s?
3
Let w(h) be the first derivative of 21*h**2 - 2*h + 14. What is the tens digit of w(1)?
4
Let w = -1 - 6. Let f = w + 4. Let u(z) = z**3 + 4*z**2 - 1. What is the units digit of u(f)?
8
Suppose -5*d - 3*x = -40, -3*d + 3*x = -x + 5. Suppose -5*o + 2*q + 193 = 0, o - 4*q - d = 30. What is the units digit of o?
9
Let m(r) = 38*r - 6. Let k be m(2). What is the tens digit of k - 1*4/(-1)?
7
Let v(z) = -11*z + 7. Let l be v(1). Let k(y) = y**3 - 7*y**2 - 8*y + 1. Let f(r) = -r**2 + 1. Let h(q) = 5*f(q) - k(q). What is the tens digit of h(l)?
6
Suppose h + 60 = 2*h - 4*k, -2*k = -h + 52. Let a = -14 + h. What is the units digit of a?
0
Let t = -676 - -955. Let s = t + -116. What is the hundreds digit of s?
1
Let q be (4/8*0)/2. Let g(m) = -m + 79. What is the units digit of g(q)?
9
Let f(z) = 2*z + 12. Let g be f(-4). Suppose -3*a - 2*p - 2*p = -44, 0 = g*p + 4. What is the tens digit of a?
1
Suppose 14 = 2*h + 4. Suppose -3*y = -2*b - 25 - 36, 105 = h*y - 4*b. What is the units digit of y?
7
What is the tens digit of ((-2)/(-5))/((-36)/(-317340))?
2
Suppose 16*j - 11253 = -1365. What is the units digit of j?
8
Suppose 7*c - q + 1302 = 9*c, c = -4*q + 658. What is the hundreds digit of c?
6
Let y(v) = -13*v + 5. Let f be y(-4). What is the units digit of (-1)/((-1)/f) + 2?
9
Let d(z) = -z + 7. Let w be d(5). Suppose -w*m + 0*m + 112 = 0. Let c = m - 34. What is the units digit of c?
2
Let m(s) = 73*s**2 + 66*s + 201. What is the tens digit of m(-3)?
6
Let h = 217 + -118. What is the tens digit of h?
9
Suppose -25*z + 300 = -23*z. What is the hundreds digit of z?
1
Suppose 0 = -f - 5, u - 136 = 2*f + 601. Suppose 0 = -7*b + 176 + u. What is the hundreds digit of b?
1
Let w(h) = -h - 22. Let k be w(-14). What is the hundreds digit of 7315/28 + -2 + (-6)/k?
2
Let m(q) = 16*q - 119. What is the tens digit of m(26)?
9
Suppose 2*m + 0 - 8 = 0. Let r be m*3/6 - -2. Suppose -5*u + r*p = -6, -3*u + p + 4 = -1. What is the units digit of u?
2
Suppose -4*c = -5*l - 2*c + 374, 3*l = -2*c + 234. Suppose -l + 370 = 6*k. What is the tens digit of k?
4
Let f(z) = -z**2 - z + 1. Let w be f(1). Let c(v) be the third derivative of -37*v**6/120 + v**4/24 + v**3/6 + v**2. What is the tens digit of c(w)?
3
Let b(j) = -j**2 + 5*j + 7. Let x(d) = -d**3 + 4*d**2 - 5. Let i be x(3). What is the tens digit of b(i)?
1
What is the units digit of (757/(-15) + 6/45)*-3?
1
Suppose 5*y + 22 = -2*n - 1, n = 5*y + 11. Let f be (-42)/(-3)*(-2)/n. Suppose -9*i + f*i = -128. What is the tens digit of i?
6
Let z be 75/12 - (-3)/(-12). Suppose 0 = -3*s + x + 77, 3*s - 4*x = -0*x + 74. Let q = s - z. What is the tens digit of q?
2
Let s(t) = 469*t**2 - 5*t. What is the tens digit of s(1)?
6
Let m = 5 - 4. Suppose f - 3 = m. Suppose f + 196 = 4*x. What is the tens digit of x?
5
Let o(p) = p**2 + p. Let u(i) = 2*i**2 - i - 4. Let v(a) = o(a) - u(a). Let t be v(0). Suppose t*g + 34 = 6*g. What is the tens digit of g?
1
Let g(o) = o**3 + 4*o**2 - 3*o - 5. Let p be g(-2). Let c be p/12 + 116/16. Suppose -c = -3*x + 82. What is the tens digit of x?
3
Let p(x) = x**3 - 3*x**2 + 2*x - 4. Let f = 19 + -14. Let h be p(f). Suppose 0 = 4*s - 8*s + h. What is the tens digit of s?
1
Suppose -4*b + 6168 = 5*v - 0*v, 2*v - 2462 = b. Suppose -944 = -8*j + v. What is the hundreds digit of j?
2
What is the tens digit of (11 + -4 - 9) + 4174?
7
Suppose -o + 3 = 0, o + 31 = 4*n - 2*n. Let w be n/(-4)*12/(-3). Suppose 32 = 5*s - 3*i, -4*i - w = -s - 2*s. What is the units digit of s?
7
Let d(v) = -v**3 - 7*v**2 - v + 9. Let c be d(-8). Suppose 5*j + 54 = -c. Let t = j - -47. What is the units digit of t?
0
Let d = 347 + -166. What is the units digit of d?
1
Let w = -9 - -1. Let y be w/6*21/(-14). What is the tens digit of ((0 - y) + 1)*-32?
3
Let b(j) = -j**2 + 15*j - 26. Let c be b(13). Suppose c = -4*l + 5*p + 843, -l - 6*p + 192 = -p. What is the hundreds digit of l?
2
Suppose -2*v + 5*v = 12. Suppose 3*y + 0*d = v*d + 870, -4*d + 560 = 2*y. What is the units digit of y?
6
Let r = -34 - -38. Suppose -g = -r*o - 2*g + 61, 0 = o + 5*g - 1. What is the units digit of o?
6
Let a be ((-1)/3)/(4/36) - -1. What is the tens digit of a/8 + 3846/24?
6
Let m be ((-1)/3)/(3/(-36)). Suppose -5*q - 2*k + 278 = -0*k, 16 = m*k. What is the units digit of q?
4
Let i = 152 - 142. Suppose -16*w = -i*w - 1644. What is the tens digit of w?
7
Let h(i) = -2118*i**3 - 4*i - 3. What is the units digit of h(-1)?
9
Let j be 2/(-6) - 40/(-12). Suppose 5 + j = 4*y. Suppose p - 13 = y. What is the tens digit of p?
1
Let c = 1697 + -753. What is the units digit of c?
4
Let m = -5 - -13. Suppose 103*w = 97*w - 6. Let r = w + m. What is the units digit of r?
7
What is the units digit of 151*-2*(-168)/112?
3
Suppose 4*b = c - 6*c + 31, -4*c - 8 = -5*b. Suppose s + y - 2*y - c = 0, -3*s + y =